{"id":6075,"date":"2025-08-26T17:10:18","date_gmt":"2025-08-26T17:10:18","guid":{"rendered":"https:\/\/dev.brusselsgamesfestival.be\/wpbgf\/?page_id=6075"},"modified":"2025-08-27T00:40:49","modified_gmt":"2025-08-27T00:40:49","slug":"jeu-de-role-au-bgf","status":"publish","type":"page","link":"https:\/\/dev.brusselsgamesfestival.be\/wpbgf\/fr\/programme\/jeu-de-role-au-bgf\/","title":{"rendered":"Jeu de r\u00f4le au BGF\u00a0"},"content":{"rendered":"\n<p>Le Brussels Games Festival accueille cette ann\u00e9e <strong>trois associations de jeu de r\u00f4le<\/strong> : Dice\u2019s Master, Fumble Asylum et Les Saigneurs du Chaos.<\/p>\n\n\n\n<p>Toutes trois partageront leur passion en proposant des <strong>sessions d\u2019initiation et de d\u00e9couverte accessibles \u00e0 tous les publics<\/strong> : que vous soyez novice ou r\u00f4liste confirm\u00e9\u00b7e, vous trouverez forc\u00e9ment une table qui vous fera voyager.<\/p>\n\n\n\n<p>Vous pourrez explorer une grande vari\u00e9t\u00e9 d\u2019univers, parmi lesquels :<\/p>\n\n\n\n<div class=\"wp-block-columns is-layout-flex wp-container-core-columns-is-layout-9d6595d7 wp-block-columns-is-layout-flex\">\n<div class=\"wp-block-column is-layout-flow wp-block-column-is-layout-flow\">\n<figure class=\"wp-block-image size-full is-style-default\"><img loading=\"lazy\" decoding=\"async\" width=\"500\" height=\"300\" src=\"https:\/\/dev.brusselsgamesfestival.be\/wpbgf\/wp-content\/uploads\/2025\/08\/jdr_-_Chroniques_Oubliees.jpg\" alt=\"\" class=\"wp-image-6076\" srcset=\"https:\/\/dev.brusselsgamesfestival.be\/wpbgf\/wp-content\/uploads\/2025\/08\/jdr_-_Chroniques_Oubliees.jpg 500w, https:\/\/dev.brusselsgamesfestival.be\/wpbgf\/wp-content\/uploads\/2025\/08\/jdr_-_Chroniques_Oubliees-300x180.jpg 300w\" sizes=\"auto, (max-width: 500px) 100vw, 500px\" \/><\/figure>\n\n\n\n<h3 class=\"wp-block-heading\">M\u00e9di\u00e9val-fantastique<\/h3>\n\n\n\n<ul class=\"wp-block-list\">\n<li>Donjon &amp; Cie<\/li>\n\n\n\n<li>Donjon &amp; Chatons<\/li>\n\n\n\n<li>Chroniques Oubli\u00e9es<\/li>\n\n\n\n<li>Nimble<\/li>\n<\/ul>\n<\/div>\n\n\n\n<div class=\"wp-block-column is-layout-flow wp-block-column-is-layout-flow\">\n<figure class=\"wp-block-image size-full\"><img loading=\"lazy\" decoding=\"async\" width=\"500\" height=\"300\" src=\"https:\/\/dev.brusselsgamesfestival.be\/wpbgf\/wp-content\/uploads\/2025\/08\/jdr_-_Petites_Sorcieres.jpg\" alt=\"\" class=\"wp-image-6079\" srcset=\"https:\/\/dev.brusselsgamesfestival.be\/wpbgf\/wp-content\/uploads\/2025\/08\/jdr_-_Petites_Sorcieres.jpg 500w, https:\/\/dev.brusselsgamesfestival.be\/wpbgf\/wp-content\/uploads\/2025\/08\/jdr_-_Petites_Sorcieres-300x180.jpg 300w\" sizes=\"auto, (max-width: 500px) 100vw, 500px\" \/><\/figure>\n\n\n\n<h3 class=\"wp-block-heading\">Magique et f\u00e9\u00e9rique<\/h3>\n\n\n\n<p>Jeune public bienvenu.<\/p>\n\n\n\n<ul class=\"wp-block-list\">\n<li>Petites Sorci\u00e8res<\/li>\n<\/ul>\n<\/div>\n\n\n\n<div class=\"wp-block-column is-layout-flow wp-block-column-is-layout-flow\">\n<figure class=\"wp-block-image size-full\"><img loading=\"lazy\" decoding=\"async\" width=\"500\" height=\"300\" src=\"https:\/\/dev.brusselsgamesfestival.be\/wpbgf\/wp-content\/uploads\/2025\/08\/jdr_-_Chroniques_Oubliees_Galactiques.jpg\" alt=\"\" class=\"wp-image-6080\" srcset=\"https:\/\/dev.brusselsgamesfestival.be\/wpbgf\/wp-content\/uploads\/2025\/08\/jdr_-_Chroniques_Oubliees_Galactiques.jpg 500w, https:\/\/dev.brusselsgamesfestival.be\/wpbgf\/wp-content\/uploads\/2025\/08\/jdr_-_Chroniques_Oubliees_Galactiques-300x180.jpg 300w\" sizes=\"auto, (max-width: 500px) 100vw, 500px\" \/><\/figure>\n\n\n\n<h3 class=\"wp-block-heading\">Science-fiction et space opera<\/h3>\n\n\n\n<ul class=\"wp-block-list\">\n<li>Star Wars D6<\/li>\n\n\n\n<li>Chroniques Oubli\u00e9es Galactiques (inspir\u00e9 d\u2019Alien)<\/li>\n\n\n\n<li>Avatar &#8211; Le Dernier Ma\u00eetre de l\u2019Air<\/li>\n\n\n\n<li>Batman: Gotham City Chronicles<\/li>\n\n\n\n<li>La couv\u00e9e<\/li>\n<\/ul>\n<\/div>\n<\/div>\n\n\n\n<div class=\"wp-block-columns is-layout-flex wp-container-core-columns-is-layout-9d6595d7 wp-block-columns-is-layout-flex\">\n<div class=\"wp-block-column is-layout-flow wp-block-column-is-layout-flow\">\n<figure class=\"wp-block-image size-full is-style-default\"><img loading=\"lazy\" decoding=\"async\" width=\"500\" height=\"300\" src=\"https:\/\/dev.brusselsgamesfestival.be\/wpbgf\/wp-content\/uploads\/2025\/08\/jdr_-_Animaux_Fantastiques.jpg\" alt=\"\" class=\"wp-image-6083\" srcset=\"https:\/\/dev.brusselsgamesfestival.be\/wpbgf\/wp-content\/uploads\/2025\/08\/jdr_-_Animaux_Fantastiques.jpg 500w, https:\/\/dev.brusselsgamesfestival.be\/wpbgf\/wp-content\/uploads\/2025\/08\/jdr_-_Animaux_Fantastiques-300x180.jpg 300w\" sizes=\"auto, (max-width: 500px) 100vw, 500px\" \/><\/figure>\n\n\n\n<h3 class=\"wp-block-heading\">Fantastique &amp; contemporain<\/h3>\n\n\n\n<ul class=\"wp-block-list\">\n<li>Stranger Things<\/li>\n\n\n\n<li>Animaux Fantastiques<\/li>\n<\/ul>\n<\/div>\n\n\n\n<div class=\"wp-block-column is-layout-flow wp-block-column-is-layout-flow\">\n<figure class=\"wp-block-image size-full\"><img loading=\"lazy\" decoding=\"async\" width=\"500\" height=\"300\" src=\"https:\/\/dev.brusselsgamesfestival.be\/wpbgf\/wp-content\/uploads\/2025\/08\/jdr_-_Blacksad.jpg\" alt=\"\" class=\"wp-image-6084\" srcset=\"https:\/\/dev.brusselsgamesfestival.be\/wpbgf\/wp-content\/uploads\/2025\/08\/jdr_-_Blacksad.jpg 500w, https:\/\/dev.brusselsgamesfestival.be\/wpbgf\/wp-content\/uploads\/2025\/08\/jdr_-_Blacksad-300x180.jpg 300w\" sizes=\"auto, (max-width: 500px) 100vw, 500px\" \/><\/figure>\n\n\n\n<h3 class=\"wp-block-heading\">Polar &amp; enqu\u00eate<\/h3>\n\n\n\n<ul class=\"wp-block-list\">\n<li>Blacksad<\/li>\n<\/ul>\n<\/div>\n\n\n\n<div class=\"wp-block-column is-layout-flow wp-block-column-is-layout-flow\">\n<figure class=\"wp-block-image size-full\"><img loading=\"lazy\" decoding=\"async\" width=\"500\" height=\"300\" src=\"http:\/\/dev.brusselsgamesfestival.be\/wpbgf\/wp-content\/uploads\/2025\/08\/jdr_-_Tiny.jpg\" alt=\"\" class=\"wp-image-6085\" srcset=\"https:\/\/dev.brusselsgamesfestival.be\/wpbgf\/wp-content\/uploads\/2025\/08\/jdr_-_Tiny.jpg 500w, https:\/\/dev.brusselsgamesfestival.be\/wpbgf\/wp-content\/uploads\/2025\/08\/jdr_-_Tiny-300x180.jpg 300w\" sizes=\"auto, (max-width: 500px) 100vw, 500px\" \/><\/figure>\n\n\n\n<h3 class=\"wp-block-heading\">Horreur &amp; \u00e9pouvante<\/h3>\n\n\n\n<ul class=\"wp-block-list\">\n<li>Tiny<\/li>\n<\/ul>\n<\/div>\n<\/div>\n\n\n\n<p>Venez incarner un personnage, lancer les d\u00e9s et plonger dans une aventure collective o\u00f9 l\u2019imagination est reine !<\/p>\n\n\n\n<p>&nbsp;Les horaires et programmes d\u00e9taill\u00e9s seront disponibles directement sur le stand JDR pendant le festival.<\/p>\n","protected":false},"excerpt":{"rendered":"<p>Le Brussels Games Festival accueille cette ann\u00e9e trois associations de jeu de r\u00f4le : Dice\u2019s Master, Fumble Asylum et Les Saigneurs du Chaos. Toutes trois partageront leur passion en proposant des sessions d\u2019initiation et de d\u00e9couverte accessibles \u00e0 tous les publics : que vous soyez novice ou r\u00f4liste confirm\u00e9\u00b7e, vous trouverez forc\u00e9ment une table qui &hellip; <\/p>\n","protected":false},"author":3,"featured_media":0,"parent":73,"menu_order":0,"comment_status":"closed","ping_status":"closed","template":"","meta":{"_acf_changed":false,"_monsterinsights_skip_tracking":false,"_monsterinsights_sitenote_active":false,"_monsterinsights_sitenote_note":"","_monsterinsights_sitenote_category":0,"footnotes":""},"class_list":["post-6075","page","type-page","status-publish","hentry","latest_post"],"acf":[],"aioseo_notices":[],"_links":{"self":[{"href":"https:\/\/dev.brusselsgamesfestival.be\/wpbgf\/wp-json\/wp\/v2\/pages\/6075","targetHints":{"allow":["GET"]}}],"collection":[{"href":"https:\/\/dev.brusselsgamesfestival.be\/wpbgf\/wp-json\/wp\/v2\/pages"}],"about":[{"href":"https:\/\/dev.brusselsgamesfestival.be\/wpbgf\/wp-json\/wp\/v2\/types\/page"}],"author":[{"embeddable":true,"href":"https:\/\/dev.brusselsgamesfestival.be\/wpbgf\/wp-json\/wp\/v2\/users\/3"}],"replies":[{"embeddable":true,"href":"https:\/\/dev.brusselsgamesfestival.be\/wpbgf\/wp-json\/wp\/v2\/comments?post=6075"}],"version-history":[{"count":5,"href":"https:\/\/dev.brusselsgamesfestival.be\/wpbgf\/wp-json\/wp\/v2\/pages\/6075\/revisions"}],"predecessor-version":[{"id":6104,"href":"https:\/\/dev.brusselsgamesfestival.be\/wpbgf\/wp-json\/wp\/v2\/pages\/6075\/revisions\/6104"}],"up":[{"embeddable":true,"href":"https:\/\/dev.brusselsgamesfestival.be\/wpbgf\/wp-json\/wp\/v2\/pages\/73"}],"wp:attachment":[{"href":"https:\/\/dev.brusselsgamesfestival.be\/wpbgf\/wp-json\/wp\/v2\/media?parent=6075"}],"curies":[{"name":"wp","href":"https:\/\/api.w.org\/{rel}","templated":true}]}}