{"id":4302,"date":"2025-06-02T14:17:25","date_gmt":"2025-06-02T14:17:25","guid":{"rendered":"http:\/\/dev.brusselsgamesfestival.be\/wpbgf\/?page_id=4302"},"modified":"2025-08-27T05:51:32","modified_gmt":"2025-08-27T05:51:32","slug":"dimitri-piot","status":"publish","type":"page","link":"https:\/\/dev.brusselsgamesfestival.be\/wpbgf\/fr\/medias\/les-affiches-et-leur-artiste\/dimitri-piot\/","title":{"rendered":"Dimitri Piot"},"content":{"rendered":"\n<h2 class=\"wp-block-heading\">Illustrateur de l\u2019affiche du BGF 2014<\/h2>\n\n\n\n<div class=\"wp-block-columns is-layout-flex wp-container-core-columns-is-layout-9d6595d7 wp-block-columns-is-layout-flex\">\n<div class=\"wp-block-column is-layout-flow wp-block-column-is-layout-flow\" style=\"flex-basis:33.33%\">\n<figure class=\"wp-block-image size-full\"><img decoding=\"async\" src=\"http:\/\/dev.brusselsgamesfestival.be\/wpbgf\/wp-content\/uploads\/2025\/06\/Dimitri-Piot.png\" alt=\"\" class=\"wp-image-4308\"\/><\/figure>\n<\/div>\n\n\n\n<div class=\"wp-block-column is-layout-flow wp-block-column-is-layout-flow\" style=\"flex-basis:66.66%\">\n<p>Auteur de bande dessin\u00e9e, sc\u00e9nographe et illustrateur, <strong>Dimitri Piot<\/strong> reste profond\u00e9ment attach\u00e9 \u00e0 la BD, m\u00eame si son parcours l\u2019a men\u00e9 vers d\u2019autres formes artistiques : expositions mus\u00e9ales, projets \u00e9ditoriaux, r\u00e9sidences \u00e0 l\u2019international\u2026 Son univers graphique puise notamment dans l\u2019esth\u00e9tique de l\u2019<strong>Ukiyo-e<\/strong>, et il a bri\u00e8vement crois\u00e9 le monde du jeu via <em>Time Masters<\/em> (Mushroom Games), dont il a con\u00e7u l\u2019identit\u00e9 visuelle. En 2014, il signe la toute premi\u00e8re affiche du BGF, \u00e0 une p\u00e9riode pleine de nouveaut\u00e9s.<\/p>\n\n\n\n<h3 class=\"wp-block-heading\">Comment as-tu abord\u00e9 la cr\u00e9ation de cette affiche ?<br>Y avait-il une id\u00e9e, une ambiance ou un message que tu voulais transmettre ?<\/h3>\n\n\n\n<p>Je me rends compte avec le recul que j\u2019ai sign\u00e9 la <strong>seconde affiche<\/strong> d\u2019un festival qui prosp\u00e8re depuis plus de dix ans, et j\u2019en suis tr\u00e8s heureux.<\/p>\n\n\n\n<p>\u00c0 l\u2019\u00e9poque, mon objectif \u00e9tait simplement de faire quelque chose de <strong>simple et efficace<\/strong>. Il s\u2019agissait de jouer avec l\u2019<strong>iconographie<\/strong> de Bruxelles et celle du <strong>monde ludique<\/strong>, en utilisant des <strong>codes visuels simples<\/strong>.<\/p>\n\n\n\n<p>Certes, ces choix peuvent sembler r\u00e9ducteurs pour les joueurs aguerris, mais une affiche a avant tout pour mission de <strong>transmettre un message clair et direct<\/strong>, en une fraction de seconde.<\/p>\n\n\n\n<p>Il n\u2019y avait donc <strong>pas de message cach\u00e9<\/strong> ou d\u2019interpr\u00e9tation complexe : c\u2019\u00e9tait une approche <strong>terre-\u00e0-terre<\/strong>, volontairement accessible.<\/p>\n<\/div>\n<\/div>\n\n\n\n<div class=\"wp-block-columns is-layout-flex wp-container-core-columns-is-layout-9d6595d7 wp-block-columns-is-layout-flex\">\n<div class=\"wp-block-column is-layout-flow wp-block-column-is-layout-flow\">\n<h3 class=\"wp-block-heading\">Qu\u2019est-ce que cette affiche repr\u00e9sente pour toi ?<\/h3>\n\n\n\n<p>Elle \u00e9voque pour moi une <strong>p\u00e9riode pleine de nouveaut\u00e9s<\/strong>.<\/p>\n\n\n\n<p>C\u2019\u00e9tait l\u2019ann\u00e9e de la <strong>naissance de mon second fils<\/strong>, la sortie de <em>Time Masters<\/em>, mes <strong>premiers pas dans le monde du jeu<\/strong>, que ce soit du point de vue \u00e9ditorial, artistique ou public.<\/p>\n\n\n\n<p>Je travaillais aussi \u00e0 l\u2019\u00e9poque avec <strong>Philippe Capart<\/strong> et <strong>S\u00e9raphine Graphics<\/strong> sur le projet \u00e9ditorial qui allait devenir <strong>Blow Book<\/strong>. En 2014, le projet n\u2019avait pas encore de nom, mais on r\u00e9fl\u00e9chissait d\u00e9j\u00e0 \u00e0 ses multiples facettes\u2026 L\u00e0 encore, tout \u00e9tait nouveau pour moi.<\/p>\n\n\n\n<p>Quand je revois cette affiche, je pense \u00e0 ces <strong>moments pr\u00e9cieux<\/strong>, \u00e0 ce <strong>sentiment d\u2019innocence et d\u2019inconscience<\/strong>.<\/p>\n\n\n\n<h3 class=\"wp-block-heading\">S\u2019il fallait d\u00e9crire ton affiche en trois mots, lesquels choisirais-tu \u2013 et pourquoi ?<\/h3>\n\n\n\n<p>Oh l\u00e0 l\u00e0\u2026 Je pr\u00e9f\u00e8re <strong>laisser le soin au public<\/strong> de d\u00e9crire mon affiche.<\/p>\n\n\n\n<p>Je n\u2019aime pas trop imposer une grille de lecture aux spectateurs.<br>Du coup, je te renvoie la question :<br><strong>Et toi, si tu devais d\u00e9crire mon affiche en trois mots ?<\/strong><\/p>\n<\/div>\n\n\n\n<div class=\"wp-block-column is-layout-flow wp-block-column-is-layout-flow\">\n<figure class=\"wp-block-image size-full\"><img loading=\"lazy\" decoding=\"async\" width=\"707\" height=\"1000\" src=\"http:\/\/dev.brusselsgamesfestival.be\/wpbgf\/wp-content\/uploads\/2024\/09\/BGF-affiche-2014.jpg\" alt=\"\" class=\"wp-image-4035\" srcset=\"https:\/\/dev.brusselsgamesfestival.be\/wpbgf\/wp-content\/uploads\/2024\/09\/BGF-affiche-2014.jpg 707w, https:\/\/dev.brusselsgamesfestival.be\/wpbgf\/wp-content\/uploads\/2024\/09\/BGF-affiche-2014-212x300.jpg 212w, https:\/\/dev.brusselsgamesfestival.be\/wpbgf\/wp-content\/uploads\/2024\/09\/BGF-affiche-2014-535x757.jpg 535w\" sizes=\"auto, (max-width: 707px) 100vw, 707px\" \/><figcaption class=\"wp-element-caption\">Cliquez sur l&#8217;image pour avoir sa version PDF<\/figcaption><\/figure>\n<\/div>\n<\/div>\n\n\n\n<h3 class=\"wp-block-heading\">Quel souvenir gardes-tu de ce travail d\u2019illustration pour le BGF ?<\/h3>\n\n\n\n<p>Un <strong>tr\u00e8s bon souvenir<\/strong>, vraiment.<\/p>\n\n\n\n<p>Cette premi\u00e8re \u00e9dition se tenait <strong>rue Royale<\/strong>, et je <strong>d\u00e9couvrais le monde des festivals de jeux de soci\u00e9t\u00e9<\/strong> \u2014 c\u2019\u00e9tait tout nouveau pour moi.<\/p>\n\n\n\n<p>J\u2019ai \u00e9t\u00e9 frapp\u00e9 par <strong>l\u2019enthousiasme<\/strong> et <strong>la passion<\/strong> des organisateurs comme des participants. J\u2019ai donn\u00e9 quelques interviews, particip\u00e9 \u00e0 une conf\u00e9rence\u2026 Il y avait <strong>une belle \u00e9nergie<\/strong>, tr\u00e8s communicative.<\/p>\n\n\n\n<p>Avec le recul, je suis <strong>honor\u00e9<\/strong> d\u2019avoir sign\u00e9 cette <strong>affiche<\/strong> du BGF.<\/p>\n\n\n\n<h3 class=\"wp-block-heading\">Info &amp; Contact<\/h3>\n\n\n\n<p>Site Web: <a href=\"https:\/\/www.dimitripiot.com\/\" target=\"_blank\" rel=\"noopener\" title=\"\">https:\/\/www.dimitripiot.com\/<\/a><br>Instagram: <a href=\"https:\/\/www.instagram.com\/dimitripiotartwork\/\" target=\"_blank\" rel=\"noopener\" title=\"\">https:\/\/www.instagram.com\/dimitripiotartwork\/<\/a><\/p>\n\n\n\n<h2 class=\"wp-block-heading\">Autres \u00e9ditions<\/h2>\n\n\n\n<div class=\"wp-block-columns is-layout-flex wp-container-core-columns-is-layout-9d6595d7 wp-block-columns-is-layout-flex\">\n<div class=\"wp-block-column is-layout-flow wp-block-column-is-layout-flow\">\n<figure class=\"wp-block-image size-full\"><a href=\"http:\/\/dev.brusselsgamesfestival.be\/wpbgf\/fr\/medias\/les-affiches-et-leur-artiste\/\"><img loading=\"lazy\" decoding=\"async\" width=\"400\" height=\"500\" src=\"http:\/\/dev.brusselsgamesfestival.be\/wpbgf\/wp-content\/uploads\/2025\/05\/484653087_548022831661658_562092584661456769_n-e1748587878763.jpg\" alt=\"\" class=\"wp-image-4179\" srcset=\"https:\/\/dev.brusselsgamesfestival.be\/wpbgf\/wp-content\/uploads\/2025\/05\/484653087_548022831661658_562092584661456769_n-e1748587878763.jpg 400w, https:\/\/dev.brusselsgamesfestival.be\/wpbgf\/wp-content\/uploads\/2025\/05\/484653087_548022831661658_562092584661456769_n-e1748587878763-240x300.jpg 240w\" sizes=\"auto, (max-width: 400px) 100vw, 400px\" \/><\/a><\/figure>\n\n\n\n<p class=\"has-text-align-center\"><a href=\"http:\/\/dev.brusselsgamesfestival.be\/wpbgf\/fr\/medias\/les-affiches-et-leur-artiste\/\" title=\"\">Adrien Journel (2025)<\/a><\/p>\n<\/div>\n\n\n\n<div class=\"wp-block-column is-layout-flow wp-block-column-is-layout-flow\">\n<figure class=\"wp-block-image size-full\"><a href=\"https:\/\/dev.brusselsgamesfestival.be\/wpbgf\/fr\/medias\/les-affiches-et-leur-artiste\/ammo-dastarac\/\"><img loading=\"lazy\" decoding=\"async\" width=\"400\" height=\"500\" src=\"http:\/\/dev.brusselsgamesfestival.be\/wpbgf\/wp-content\/uploads\/2025\/08\/Ammo-Dastarac.jpg\" alt=\"\" class=\"wp-image-6041\" srcset=\"https:\/\/dev.brusselsgamesfestival.be\/wpbgf\/wp-content\/uploads\/2025\/08\/Ammo-Dastarac.jpg 400w, https:\/\/dev.brusselsgamesfestival.be\/wpbgf\/wp-content\/uploads\/2025\/08\/Ammo-Dastarac-240x300.jpg 240w\" sizes=\"auto, (max-width: 400px) 100vw, 400px\" \/><\/a><\/figure>\n\n\n\n<p class=\"has-text-align-center\"><a href=\"https:\/\/dev.brusselsgamesfestival.be\/wpbgf\/fr\/medias\/les-affiches-et-leur-artiste\/ammo-dastarac\/\" title=\"Ammo Dastarac\">Ammo Dastarac (2024)<\/a><\/p>\n<\/div>\n\n\n\n<div class=\"wp-block-column is-layout-flow wp-block-column-is-layout-flow\">\n<figure class=\"wp-block-image size-full\"><a href=\"https:\/\/dev.brusselsgamesfestival.be\/wpbgf\/fr\/medias\/sergio-menendez\/\"><img loading=\"lazy\" decoding=\"async\" width=\"400\" height=\"500\" src=\"http:\/\/dev.brusselsgamesfestival.be\/wpbgf\/wp-content\/uploads\/2025\/05\/SergioMenendez-1-1-e1748586831191.jpg\" alt=\"\" class=\"wp-image-4201\" srcset=\"https:\/\/dev.brusselsgamesfestival.be\/wpbgf\/wp-content\/uploads\/2025\/05\/SergioMenendez-1-1-e1748586831191.jpg 400w, https:\/\/dev.brusselsgamesfestival.be\/wpbgf\/wp-content\/uploads\/2025\/05\/SergioMenendez-1-1-e1748586831191-240x300.jpg 240w\" sizes=\"auto, (max-width: 400px) 100vw, 400px\" \/><\/a><\/figure>\n\n\n\n<p class=\"has-text-align-center\"><a href=\"https:\/\/dev.brusselsgamesfestival.be\/wpbgf\/fr\/medias\/sergio-menendez\/\" title=\"\">Sergio Men\u00e9ndez 2023<\/a><\/p>\n<\/div>\n\n\n\n<div class=\"wp-block-column is-layout-flow wp-block-column-is-layout-flow\">\n<figure class=\"wp-block-image size-full\"><a href=\"http:\/\/dev.brusselsgamesfestival.be\/wpbgf\/fr\/medias\/les-affiches-et-leur-artiste\/frederic-navez\/\"><img loading=\"lazy\" decoding=\"async\" width=\"400\" height=\"500\" src=\"http:\/\/dev.brusselsgamesfestival.be\/wpbgf\/wp-content\/uploads\/2025\/06\/Fred-e1748894569185.png\" alt=\"\" class=\"wp-image-4291\" srcset=\"https:\/\/dev.brusselsgamesfestival.be\/wpbgf\/wp-content\/uploads\/2025\/06\/Fred-e1748894569185.png 400w, https:\/\/dev.brusselsgamesfestival.be\/wpbgf\/wp-content\/uploads\/2025\/06\/Fred-e1748894569185-240x300.png 240w\" sizes=\"auto, (max-width: 400px) 100vw, 400px\" \/><\/a><\/figure>\n\n\n\n<p class=\"has-text-align-center\"><a href=\"http:\/\/dev.brusselsgamesfestival.be\/wpbgf\/fr\/medias\/les-affiches-et-leur-artiste\/frederic-navez\/\" title=\"Fr\u00e9d\u00e9ric Navez\">Fred Navez (2018 \u00e0 2021)<\/a><\/p>\n<\/div>\n<\/div>\n\n\n\n<div class=\"wp-block-columns is-layout-flex wp-container-core-columns-is-layout-9d6595d7 wp-block-columns-is-layout-flex\">\n<div class=\"wp-block-column is-layout-flow wp-block-column-is-layout-flow\">\n<figure class=\"wp-block-image size-full\"><a href=\"http:\/\/dev.brusselsgamesfestival.be\/wpbgf\/fr\/medias\/les-affiches-et-leur-artiste\/florence-bolsee\/\"><img loading=\"lazy\" decoding=\"async\" width=\"400\" height=\"500\" src=\"http:\/\/dev.brusselsgamesfestival.be\/wpbgf\/wp-content\/uploads\/2025\/05\/IMG_20230227_0920222-1-scaled-e1748586870782.jpg\" alt=\"\" class=\"wp-image-4209\" srcset=\"https:\/\/dev.brusselsgamesfestival.be\/wpbgf\/wp-content\/uploads\/2025\/05\/IMG_20230227_0920222-1-scaled-e1748586870782.jpg 400w, https:\/\/dev.brusselsgamesfestival.be\/wpbgf\/wp-content\/uploads\/2025\/05\/IMG_20230227_0920222-1-scaled-e1748586870782-240x300.jpg 240w\" sizes=\"auto, (max-width: 400px) 100vw, 400px\" \/><\/a><\/figure>\n\n\n\n<p class=\"has-text-align-center\"><a href=\"http:\/\/dev.brusselsgamesfestival.be\/wpbgf\/fr\/medias\/les-affiches-et-leur-artiste\/florence-bolsee\/\" title=\"\">Florence Bols\u00e9e (2016 \u00e0 2017)<\/a><\/p>\n<\/div>\n\n\n\n<div class=\"wp-block-column is-layout-flow wp-block-column-is-layout-flow\">\n<figure class=\"wp-block-image size-full\"><img loading=\"lazy\" decoding=\"async\" width=\"400\" height=\"500\" src=\"http:\/\/dev.brusselsgamesfestival.be\/wpbgf\/wp-content\/uploads\/2025\/04\/dummy-portrait-e1748586778996.jpg\" alt=\"\" class=\"wp-image-4127\" srcset=\"https:\/\/dev.brusselsgamesfestival.be\/wpbgf\/wp-content\/uploads\/2025\/04\/dummy-portrait-e1748586778996.jpg 400w, https:\/\/dev.brusselsgamesfestival.be\/wpbgf\/wp-content\/uploads\/2025\/04\/dummy-portrait-e1748586778996-240x300.jpg 240w\" sizes=\"auto, (max-width: 400px) 100vw, 400px\" \/><\/figure>\n\n\n\n<p class=\"has-text-align-center\">Rapha\u00ebl Batista (2015)<\/p>\n<\/div>\n\n\n\n<div class=\"wp-block-column is-layout-flow wp-block-column-is-layout-flow\">\n<figure class=\"wp-block-image size-full\"><a href=\"https:\/\/dev.brusselsgamesfestival.be\/wpbgf\/fr\/medias\/les-affiches-et-leur-artiste\/dimitri-piot\/\"><img loading=\"lazy\" decoding=\"async\" width=\"400\" height=\"500\" src=\"http:\/\/dev.brusselsgamesfestival.be\/wpbgf\/wp-content\/uploads\/2025\/06\/Dimitri-Piot-e1748893852725.png\" alt=\"\" class=\"wp-image-4308\" srcset=\"https:\/\/dev.brusselsgamesfestival.be\/wpbgf\/wp-content\/uploads\/2025\/06\/Dimitri-Piot-e1748893852725.png 400w, https:\/\/dev.brusselsgamesfestival.be\/wpbgf\/wp-content\/uploads\/2025\/06\/Dimitri-Piot-e1748893852725-240x300.png 240w\" sizes=\"auto, (max-width: 400px) 100vw, 400px\" \/><\/a><\/figure>\n\n\n\n<p class=\"has-text-align-center\"><a href=\"https:\/\/dev.brusselsgamesfestival.be\/wpbgf\/fr\/medias\/les-affiches-et-leur-artiste\/dimitri-piot\/\" title=\"Dimitri Piot\">Dimitri Piot (2014)<\/a><\/p>\n<\/div>\n\n\n\n<div class=\"wp-block-column is-layout-flow wp-block-column-is-layout-flow\">\n<figure class=\"wp-block-image size-full\"><a href=\"https:\/\/dev.brusselsgamesfestival.be\/wpbgf\/fr\/medias\/les-affiches-et-leur-artiste\/patrick-beukeleirs\/\"><img loading=\"lazy\" decoding=\"async\" width=\"400\" height=\"500\" src=\"http:\/\/dev.brusselsgamesfestival.be\/wpbgf\/wp-content\/uploads\/2025\/08\/Patrick-Beukeleirs.jpg\" alt=\"\" class=\"wp-image-5112\" srcset=\"https:\/\/dev.brusselsgamesfestival.be\/wpbgf\/wp-content\/uploads\/2025\/08\/Patrick-Beukeleirs.jpg 400w, https:\/\/dev.brusselsgamesfestival.be\/wpbgf\/wp-content\/uploads\/2025\/08\/Patrick-Beukeleirs-240x300.jpg 240w\" sizes=\"auto, (max-width: 400px) 100vw, 400px\" \/><\/a><\/figure>\n\n\n\n<p class=\"has-text-align-center\"><a title=\"Patrick Beukeleirs\" href=\"https:\/\/dev.brusselsgamesfestival.be\/wpbgf\/fr\/medias\/les-affiches-et-leur-artiste\/patrick-beukeleirs\/\">Patrick Beukeleirs (2013)<\/a><\/p>\n<\/div>\n<\/div>\n\n\n","protected":false},"excerpt":{"rendered":"<p>Illustrateur de l\u2019affiche du BGF 2014 Auteur de bande dessin\u00e9e, sc\u00e9nographe et illustrateur, Dimitri Piot reste profond\u00e9ment attach\u00e9 \u00e0 la BD, m\u00eame si son parcours l\u2019a men\u00e9 vers d\u2019autres formes artistiques : expositions mus\u00e9ales, projets \u00e9ditoriaux, r\u00e9sidences \u00e0 l\u2019international\u2026 Son univers graphique puise notamment dans l\u2019esth\u00e9tique de l\u2019Ukiyo-e, et il a bri\u00e8vement crois\u00e9 le monde &hellip; <\/p>\n","protected":false},"author":2,"featured_media":0,"parent":4120,"menu_order":0,"comment_status":"closed","ping_status":"closed","template":"","meta":{"_acf_changed":false,"_monsterinsights_skip_tracking":false,"_monsterinsights_sitenote_active":false,"_monsterinsights_sitenote_note":"","_monsterinsights_sitenote_category":0,"footnotes":""},"class_list":["post-4302","page","type-page","status-publish","hentry","latest_post"],"acf":[],"aioseo_notices":[],"_links":{"self":[{"href":"https:\/\/dev.brusselsgamesfestival.be\/wpbgf\/wp-json\/wp\/v2\/pages\/4302","targetHints":{"allow":["GET"]}}],"collection":[{"href":"https:\/\/dev.brusselsgamesfestival.be\/wpbgf\/wp-json\/wp\/v2\/pages"}],"about":[{"href":"https:\/\/dev.brusselsgamesfestival.be\/wpbgf\/wp-json\/wp\/v2\/types\/page"}],"author":[{"embeddable":true,"href":"https:\/\/dev.brusselsgamesfestival.be\/wpbgf\/wp-json\/wp\/v2\/users\/2"}],"replies":[{"embeddable":true,"href":"https:\/\/dev.brusselsgamesfestival.be\/wpbgf\/wp-json\/wp\/v2\/comments?post=4302"}],"version-history":[{"count":14,"href":"https:\/\/dev.brusselsgamesfestival.be\/wpbgf\/wp-json\/wp\/v2\/pages\/4302\/revisions"}],"predecessor-version":[{"id":6108,"href":"https:\/\/dev.brusselsgamesfestival.be\/wpbgf\/wp-json\/wp\/v2\/pages\/4302\/revisions\/6108"}],"up":[{"embeddable":true,"href":"https:\/\/dev.brusselsgamesfestival.be\/wpbgf\/wp-json\/wp\/v2\/pages\/4120"}],"wp:attachment":[{"href":"https:\/\/dev.brusselsgamesfestival.be\/wpbgf\/wp-json\/wp\/v2\/media?parent=4302"}],"curies":[{"name":"wp","href":"https:\/\/api.w.org\/{rel}","templated":true}]}}