{"id":108,"date":"2023-06-13T19:42:38","date_gmt":"2023-06-13T19:42:38","guid":{"rendered":"http:\/\/dev.brusselsgamesfestival.be\/wpbgf\/?page_id=108"},"modified":"2025-06-10T07:56:48","modified_gmt":"2025-06-10T07:56:48","slug":"benevoles","status":"publish","type":"page","link":"https:\/\/dev.brusselsgamesfestival.be\/wpbgf\/fr\/participer\/benevoles\/","title":{"rendered":"Participer en tant que b\u00e9n\u00e9voles"},"content":{"rendered":"\n<p>Cette ann\u00e9e, fais battre le c\u0153ur du BGF\u2026 REJOINS-NOUS !<\/p>\n\n\n\n<p>Tu adores les jeux de soci\u00e9t\u00e9 ? Ou tu veux simplement vivre une chouette exp\u00e9rience en coulisses d\u2019un \u00e9v\u00e9nement unique ? Peu importe ton niveau d\u2019expertise, on a besoin de toi !<\/p>\n\n\n\n<p>Que tu sois dispo quelques heures, une journ\u00e9e ou tout le week-end, ton aide sera pr\u00e9cieuse. Le Brussels Games Festival ne peut exister sans ses b\u00e9n\u00e9voles : des personnes motiv\u00e9es, enthousiastes et pr\u00eates \u00e0 mettre la main \u00e0 la p\u00e2te avec le sourire.<\/p>\n\n\n\n<p>\ud83d\udc49 Pour t\u2019inscrire, il suffit de remplir <a href=\"https:\/\/docs.google.com\/forms\/d\/e\/1FAIpQLSdkW3MCidi3xZTXTyTFCn-UW4mAPOhlB6s7nGUwrwxIocEgrg\/viewform\" target=\"_blank\" rel=\"noopener\" title=\"\">notre formulaire en ligne<\/a> : tu pourras y pr\u00e9ciser tes disponibilit\u00e9s ainsi que les postes qui t\u2019int\u00e9ressent.<\/p>\n\n\n\n<p>Tu as des questions ou besoin d\u2019en savoir plus ? \u00c9cris-nous \u00e0 : <strong><a>benevoles@brusselsgamesfestival.be<\/a><\/strong>.<\/p>\n\n\n\n<p>Un immense merci d\u2019avance \u00e0 toi qui contribueras \u00e0 faire de cette 10\u1d49 \u00e9dition un moment inoubliable \ud83d\udc9b<\/p>\n\n\n<div class=\"wp-block-image\">\n<figure class=\"aligncenter size-full\"><img loading=\"lazy\" decoding=\"async\" width=\"2000\" height=\"1180\" src=\"http:\/\/dev.brusselsgamesfestival.be\/wpbgf\/wp-content\/uploads\/2025\/06\/BGF2024-277-Volunteers.jpg\" alt=\"\" class=\"wp-image-4449\" srcset=\"https:\/\/dev.brusselsgamesfestival.be\/wpbgf\/wp-content\/uploads\/2025\/06\/BGF2024-277-Volunteers.jpg 2000w, https:\/\/dev.brusselsgamesfestival.be\/wpbgf\/wp-content\/uploads\/2025\/06\/BGF2024-277-Volunteers-300x177.jpg 300w, https:\/\/dev.brusselsgamesfestival.be\/wpbgf\/wp-content\/uploads\/2025\/06\/BGF2024-277-Volunteers-1024x604.jpg 1024w, https:\/\/dev.brusselsgamesfestival.be\/wpbgf\/wp-content\/uploads\/2025\/06\/BGF2024-277-Volunteers-768x453.jpg 768w, https:\/\/dev.brusselsgamesfestival.be\/wpbgf\/wp-content\/uploads\/2025\/06\/BGF2024-277-Volunteers-535x316.jpg 535w, https:\/\/dev.brusselsgamesfestival.be\/wpbgf\/wp-content\/uploads\/2025\/06\/BGF2024-277-Volunteers-1536x906.jpg 1536w\" sizes=\"auto, (max-width: 2000px) 100vw, 2000px\" \/><\/figure>\n<\/div>","protected":false},"excerpt":{"rendered":"<p>Cette ann\u00e9e, fais battre le c\u0153ur du BGF\u2026 REJOINS-NOUS ! Tu adores les jeux de soci\u00e9t\u00e9 ? Ou tu veux simplement vivre une chouette exp\u00e9rience en coulisses d\u2019un \u00e9v\u00e9nement unique ? Peu importe ton niveau d\u2019expertise, on a besoin de toi ! Que tu sois dispo quelques heures, une journ\u00e9e ou tout le week-end, ton &hellip; <\/p>\n","protected":false},"author":2,"featured_media":325,"parent":79,"menu_order":1,"comment_status":"closed","ping_status":"closed","template":"","meta":{"_acf_changed":false,"_monsterinsights_skip_tracking":false,"_monsterinsights_sitenote_active":false,"_monsterinsights_sitenote_note":"","_monsterinsights_sitenote_category":0,"footnotes":""},"class_list":["post-108","page","type-page","status-publish","has-post-thumbnail","hentry","latest_post"],"acf":[],"aioseo_notices":[],"_links":{"self":[{"href":"https:\/\/dev.brusselsgamesfestival.be\/wpbgf\/wp-json\/wp\/v2\/pages\/108","targetHints":{"allow":["GET"]}}],"collection":[{"href":"https:\/\/dev.brusselsgamesfestival.be\/wpbgf\/wp-json\/wp\/v2\/pages"}],"about":[{"href":"https:\/\/dev.brusselsgamesfestival.be\/wpbgf\/wp-json\/wp\/v2\/types\/page"}],"author":[{"embeddable":true,"href":"https:\/\/dev.brusselsgamesfestival.be\/wpbgf\/wp-json\/wp\/v2\/users\/2"}],"replies":[{"embeddable":true,"href":"https:\/\/dev.brusselsgamesfestival.be\/wpbgf\/wp-json\/wp\/v2\/comments?post=108"}],"version-history":[{"count":18,"href":"https:\/\/dev.brusselsgamesfestival.be\/wpbgf\/wp-json\/wp\/v2\/pages\/108\/revisions"}],"predecessor-version":[{"id":4451,"href":"https:\/\/dev.brusselsgamesfestival.be\/wpbgf\/wp-json\/wp\/v2\/pages\/108\/revisions\/4451"}],"up":[{"embeddable":true,"href":"https:\/\/dev.brusselsgamesfestival.be\/wpbgf\/wp-json\/wp\/v2\/pages\/79"}],"wp:featuredmedia":[{"embeddable":true,"href":"https:\/\/dev.brusselsgamesfestival.be\/wpbgf\/wp-json\/wp\/v2\/media\/325"}],"wp:attachment":[{"href":"https:\/\/dev.brusselsgamesfestival.be\/wpbgf\/wp-json\/wp\/v2\/media?parent=108"}],"curies":[{"name":"wp","href":"https:\/\/api.w.org\/{rel}","templated":true}]}}